ve u(x).
1
Let c(j) = -7 - 103*j - 5*j**2 + 4*j**3 + 103*j - 5*j**3. Give c(-5).
-7
Let t(o) = 4*o - 2. Suppose -3*b = -3 - 0. Let j be 3 - (2 - 3 - b). Let u be 1/(-2) - j/(-2). Give t(u).
6
Let r(k) = -k + 3 + 3*k - 5*k + k. Give r(2).
-1
Let g(d) = d**3 - 5*d**2 + 5*d - 1. Let q be g(4). Suppose 17 = q*k + 5*p, -2*k - p = 2*k. Let z(o) = -3*o**2 - 2*o - 1. What is z(k)?
-2
Let g(j) be the second derivative of -j**3 + 4*j. Give g(2).
-12
Let y(l) = -7*l**3 + 2*l**2 - 1. Let g(h) = -2*h - 9. Let a be g(-4). Calculate y(a).
8
Let m(q) = -5*q - 3. Suppose -3 = 5*n - 2*n. Let v be 5 + (2 + n)*-2. Suppose -23 = 4*a - v*d, a + 3*a = 4*d - 28. Calculate m(a).
7
Let q = 203 - 199. Let b(v) = -v**3 + 5*v**2 - 5*v - 2. Calculate b(q).
-6
Let z(d) = -8*d - 1. Let l(v) = -2 + 0 + 1 - 3*v. Let r be l(-1). Let j be (2 + (1 - r))/(-1). What is z(j)?
7
Let q(d) = 6*d - 118 + 3*d**2 - 2*d**2 + 124. Give q(-6).
6
Suppose 2*p = -3*p + 3*z + 40, -2*z = -p + 15. Let d(w) = -2*w + w**3 - 3*w + 6 - p*w**2 + 2*w. Suppose -3*v = 3*r - 5*r + 7, 5*v = 5. Give d(r).
-9
Let x = -1 + 6. Let b = x - 6. Let m(z) = -5*z - 1. Calculate m(b).
4
Let p(r) = -r**2 - r + 1. Let w(o) be the third derivative of o**6/120 + o**5/12 - o**4/12 - 7*o**3/6 - 4*o**2. Let u(t) = -2*p(t) - w(t). What is u(-4)?
5
Let w be (-2)/4 + (-15)/10. Let f(m) = 3*m + 3. Let k(a) = 10*a + 10. Let n(r) = w*k(r) + 7*f(r). Give n(0).
1
Let x(c) = c - 1. Let s(d) = 1 - d + 3*d - 6 - d. Let p be s(9). Suppose -4*g + 12 = p. Give x(g).
1
Let o(y) be the third derivative of y**6/120 + y**5/12 - 5*y**4/24 + 7*y**3/6 - 7*y**2. Determine o(-6).
1
Suppose -4*n - 2 = 6, 5*n + 34 = -3*m. Let w be 4/m - (-14)/(-4). Let u(y) = 2*y + 5. Calculate u(w).
-3
Let t(v) = -2 + 8*v + v**3 - 1 + 3*v**2 - 6*v**2 - 4*v. Calculate t(2).
1
Let f(n) = n**3 + 7*n**2 + 7*n + 9. Let b be -6*3*(-3)/(-27). Let l be (2/(-4))/(b/(-24)). Determine f(l).
3
Let x(p) be the second derivative of p**5/20 - p**4/2 - 5*p**3/6 - 9*p**2/2 + 8*p. What is x(7)?
5
Let l(d) = -d**2 - d - 1. Let a(y) = -2*y**2 - y - 6. Let s(r) = -a(r) + 3*l(r). Let t(q) = -2*q**3 - q**2 + q. Let p be t(-3). Let f = -46 + p. Calculate s(f).
-5
Let z(y) = -3 + 27*y - 15*y - 14*y. Suppose -5*w + 9 = -16. Give z(w).
-13
Let v(w) = w**2 + 17*w - 40. Let t be v(-19). Let r(c) = c**3 + 2*c**2 + 3*c + 1. Calculate r(t).
-5
Let v(j) be the first derivative of -j**2/2 - 11. What is v(1)?
-1
Let p(u) = -u. Let z(f) = f - 7. Let m be z(7). Let q be (m - (1 - 1))/(-2). Suppose q = i + 5 - 4. Calculate p(i).
1
Let c(i) = -i. Suppose -4*r + 4 = -12. Suppose -r*f + 2 = -2. Give c(f).
-1
Let v be (-2 - -2)*(7 + -6). Let w(m) be the third derivative of -m**5/60 + 3*m**2. Give w(v).
0
Let t(z) be the third derivative of z**6/120 - z**5/15 - 5*z**4/24 + z**3/2 + 7*z**2. Let f(b) = -2*b**3 - 3*b**2 - 2*b - 3. Let v be f(-2). Give t(v).
3
Let c(i) be the third derivative of i**5/60 - i**4/24 - 2*i**3/3 - i**2. Let b(p) be the first derivative of c(p). Determine b(1).
1
Let p(m) = -m**3 + 4*m**2 + 5*m + 7. Let y(l) = l**3 - 9*l**2 - 8*l. Let w be y(10). Suppose -w = -2*i - 3*i. Suppose 0 = -i*v + 17 + 3. Calculate p(v).
7
Let o(p) = 3*p**2 + 3*p. Suppose f = -2 + 6. Let x = 7 - f. Suppose 0 = 3*c + 9 - x. Give o(c).
6
Let c(d) = d**3 + 2*d**2 - d + 3. Let y be 1/(-3) - (-48)/9. Suppose 5*x - y*w = -10, 4*x + 5*w = x - 14. What is c(x)?
-3
Let k(a) = a**2 + a + 0*a - 2*a. Let n = -9 + 14. Suppose -4*j = -n*j. Give k(j).
0
Suppose -4*l - 5*p = -19, -2*l + l + 5*p = 14. Let d be 8/28 - (-24)/14. Let h(c) = -2*c**2 + 3 + 7*c**3 + 0*c**2 - d. Determine h(l).
6
Let t(n) = -3*n**2 + 10*n + 1. Let f(s) = 5*s**2 - 20*s - 2. Let h(x) = -4*f(x) - 7*t(x). Calculate h(-9).
-8
Suppose -24 - 16 = -5*t. Let g = t + -13. Let h(l) = l + 10. Determine h(g).
5
Let q be (12/4)/((-9)/3). Let j(x) = 5*x**3 - x**2 - x. Calculate j(q).
-5
Let r(z) = -2*z + 7. Suppose 2*v - 4 = 6. Give r(v).
-3
Let x(s) = s. Let m(z) = -5 + 4 - 1 + 7 - z. Let k be m(-5). Let j be 4/k*(-2 + -8). Give x(j).
-4
Let w be (1 - (-1 - 0))*1. Let k(s) be the first derivative of -s**3 + s**2 - 44. Calculate k(w).
-8
Let f(k) be the first derivative of -k**3/3 + 3*k**2/2 + 4*k + 1. Let a(i) = -3 - 3*i + i**2 + 0*i + 5*i. Let s be a(2). Calculate f(s).
-6
Let l be 3/(-6)*(-2 + -2). Suppose 0*h + 4 = 4*h. Suppose -n + 0 = a + h, 3*n = -4*a - l. Let m(y) = 2*y + 1. What is m(a)?
3
Let x = -15 - -8. Let w = 3 + x. Let u(q) = -q. Give u(w).
4
Let h(z) = -z - 112 - 116 + 229. Give h(6).
-5
Let l(b) be the third derivative of b**6/120 - 7*b**5/60 + 5*b**4/24 + 2*b**2. Let u(i) be the first derivative of -4*i**2 - 2*i + 4. Let t be u(-1). Give l(t).
-6
Suppose -3*b = -5*l + 39, -l = -2*l + 4*b + 18. Let g(m) = -3 - m**2 - 2 + l + 2*m. Give g(3).
-2
Let r(q) = -q**3 - 3*q**2 + 3*q - 2. Let u(m) = 2*m + 12. Let p be u(-8). Let n be (-12)/(-10)*10/p. Give r(n).
-11
Let i be -3 - (0 + 0) - 0. Let p(u) = u - 4. Give p(i).
-7
Let x(w) = -w - 5*w - 9*w**3 - w + 8*w. Give x(1).
-8
Let o(w) = w**3 - 12*w**2 + 10*w + 14. Let p be o(11). Let s(x) = 7*x + x**2 + 4*x - p*x - 2*x. Give s(-5).
-5
Suppose 0 = 4*x - 3*x - 6. Let j(o) = o - 3. Calculate j(x).
3
Let z be (-10)/(-35) - (-4)/(-14). Let h(i) = 0*i + z*i - 1 - 1 + i. Let n = -1 + 4. What is h(n)?
1
Let h(t) = -t**2 + 6*t + 3. Let k be h(6). Suppose 0 = k*n - 6, 4*c + 6 = 3*n - 0*n. Let w be (-1)/2*1*c. Let v(z) = z**2 - z - 3. Determine v(w).
-3
Suppose 18*h = 14*h + 20. Let k(o) be the third derivative of 0*o + 3*o**2 + 0 + 1/10*o**h + 1/120*o**6 + 5/24*o**4 - 2/3*o**3. What is k(-4)?
8
Let a(q) = -q**3 + 5*q**2 - 3*q + 1. Suppose -2*x - 19 = -5*v, x + 6*v = 3*v - 4. Let g = x - -7. Let s be (0 - (1 + g))*-4. Give a(s).
5
Let m(s) = 5*s - 1. Let p(n) = -n**3 - 3*n**2 - 3*n - 3. Let j be p(-2). Let r(t) = t - 1. Let u(f) = j*m(f) + 4*r(f). Calculate u(-6).
3
Let q(z) = -z**3 - 2*z**2 + z + 1. Let v = -3 + 2. Let c be v*-2*(-3)/(-6). Let o = c - 2. Give q(o).
-1
Let g = 1 - -1. Let l(y) be the second derivative of y - 7/6*y**3 + 1/3*y**4 - 7/2*y**g + 0 + 1/20*y**5. Calculate l(-5).
3
Let h(l) = -3*l - 1. Let z be h(1). Let j be ((-1)/(-1))/((-2)/z). Let n(s) = -s - 1. Let w(o) = 3*o + 4. Let x(v) = -2*n(v) - w(v). What is x(j)?
-4
Suppose -4*h + 8 = 2*j, -5*j + 2*j + 11 = 5*h. Suppose 2*z = -j*z - 4. Let v(x) = 13*x - 3. Let c(q) = -19*q + 5. Let s(g) = -5*c(g) - 8*v(g). Give s(z).
8
Let j(r) = -4*r + r + r + 2 + 5*r**2. Let x(s) = 11*s**2 - 3*s + 4. Let z(d) = 5*j(d) - 2*x(d). Suppose -2*t = -5*t + 6. Determine z(t).
6
Suppose 0 = -0*r + 5*r - 10. Let i(h) = -2*h - 2. Give i(r).
-6
Let m = 12 + -6. Let b(q) = -2*q**3 + 12*q**2 - 9*q + 5. Let l(z) = -z**3 + 6*z**2 - 4*z + 3. Let t(y) = 4*b(y) - 9*l(y). What is t(m)?
-7
Let z(h) = -h**2 + 7*h + 10. Let g be z(8). Let j(t) = 0*t**2 - 3*t**g + 0*t + 3 + 3*t - t**3 + 0*t**3. Suppose -1 = -y, -4*y = 3*s - 3 + 8. Determine j(s).
-6
Let v(n) = 2*n**2 + n. Let g(j) be the first derivative of 1 - 5/2*j**2 - 1/3*j**3 - 6*j. Let l be g(-4). What is v(l)?
6
Let l(h) be the third derivative of h**6/120 + h**5/15 + h**4/8 + h**3/6 + 2*h**2. Let s = -17 - -15. Calculate l(s).
3
Let y(g) = 11*g**3 + 21*g**2 + 25*g + 11. Let s(l) = -5*l**3 - 10*l**2 - 12*l - 5. Let f(r) = 13*s(r) + 6*y(r). Suppose 3*b = 3 + 12. Calculate f(b).
-4
Let d(s) = -17*s + 87*s - 8 - 19*s - 26*s - 23*s. Suppose 3*l - 3 - 2 = 4*r, l + r = 11. What is d(l)?
6
Let s = -1 + 3. Suppose -s*x - x + 21 = 0. Let z(i) = -1 + 0*i + x*i + i - i**3 + 2*i**2 - 2*i. Determine z(4).
-9
Let p(m) = m**2 - m + 2. Let b(q) = q**2. Let t(a) = 2*b(a) - p(a). Let f = -10 - -6. Calculate t(f).
10
Let d = -1 - -7. Suppose 4*w + 4*r + 8 = 0, -3*r + d*r = -2*w - 6. Let j be (0 - w) + -2 + 0. Let h(x) = 2*x + 1. Determine h(j).
-3
Let r(p) = p**3 - 3*p**2 - 3*p - 2. Let i be r(4). Let n(d) = -d**3 - 5*d**2 + 10*d**i + 0 + 3 - d. Give n(5).
-2
Suppose -2*w = -7*w - 5. Let q(c) = -5*c**3 - c**2 - 2*c - 1. Let u(a) = -5*a**3 - a**2 - 2*a - 1. Let r(g) = -3*q(g) + 2*u(g). Give r(w).
-5
Let n(f) be the first derivative of 1 + 0*f - 3*f**2 + 1/3*f**3. Let b = -100 - -106. Determine n(b).
0
Let d(s) = 4*s**2 - 8*s - 6. Let l(g) = -g**2 + g + 1. Let n(m) = d(m) + 3*l(m). Determine n(6).
3
Let v = -9 + 11. Let l(s) = s**3 - 3*s**